{"id":152,"date":"2019-11-22T14:57:00","date_gmt":"2019-11-22T13:57:00","guid":{"rendered":"https:\/\/neustrelitz-evangelisch.de\/?page_id=152"},"modified":"2021-11-15T14:04:39","modified_gmt":"2021-11-15T13:04:39","slug":"borwinheim","status":"publish","type":"page","link":"https:\/\/neustrelitz-evangelisch.de\/index.php\/borwinheim\/","title":{"rendered":"Borwinheim"},"content":{"rendered":"\n<div class=\"wp-block-image\"><figure class=\"alignright size-large is-resized\"><a href=\"https:\/\/neustrelitz-evangelisch.de\/wp-content\/uploads\/2020\/06\/borwinheim-aussen.jpg\" target=\"_blank\" rel=\"noopener noreferrer\"><img decoding=\"async\" src=\"https:\/\/neustrelitz-evangelisch.de\/wp-content\/uploads\/2020\/06\/borwinheim-aussen-1024x717.jpg\" alt=\"\" class=\"wp-image-481\" width=\"360\" srcset=\"https:\/\/neustrelitz-evangelisch.de\/wp-content\/uploads\/2020\/06\/borwinheim-aussen-1024x717.jpg 1024w, https:\/\/neustrelitz-evangelisch.de\/wp-content\/uploads\/2020\/06\/borwinheim-aussen-300x210.jpg 300w, https:\/\/neustrelitz-evangelisch.de\/wp-content\/uploads\/2020\/06\/borwinheim-aussen-768x538.jpg 768w, https:\/\/neustrelitz-evangelisch.de\/wp-content\/uploads\/2020\/06\/borwinheim-aussen-1536x1075.jpg 1536w, https:\/\/neustrelitz-evangelisch.de\/wp-content\/uploads\/2020\/06\/borwinheim-aussen.jpg 1714w\" sizes=\"(max-width: 1024px) 100vw, 1024px\" \/><\/a><\/figure><\/div>\n\n\n\n<p>Das&nbsp;Herzog Carl-Borwin-Ged\u00e4chtnisheim&nbsp;in der N\u00e4he des Marktes von Neustrelitz wurde 1910 zur Erinnerung an den Mecklenburg-Strelitzer&nbsp;Herzog Carl Borwin&nbsp;errichtet, mit dem Ziel elternlosen Kindern ein Zuhause zu geben. Unter anderem waren damit auch die r\u00e4umlichen Voraussetzungen f\u00fcr die Einrichtung einer Bibliothek f\u00fcr die Stadtbev\u00f6lkerung geschaffen. Das Heim f\u00fcr Kinder wurde bis Anfang 1939 aufrechterhalten.<\/p>\n\n\n\n<p>Der Vorstand der Herzog-Carl-Borwin-Ged\u00e4chtnisstiftung hatte in den vergangenen Jahren in Zusammenarbeit mit vielen Partnern die Sanierung des Hauses vorbereitet. Dabei sollte das Haus auch den heutigen Anforderungen angepasst werden, zum Beispiel einen Fahrstuhl f\u00fcr Behinderte erhalten. Am 21. Juli 2008 hatten die umfangreichen Arbeiten begonnen. Mit einem Festgottesdienst am 20. Dezember 2009 wurde es wieder er\u00f6ffnet. Am 10. Oktober 2010 feierte eine gro\u00dfe Gemeinde das 100j\u00e4hrige Bestehen.<\/p>\n\n\n\n<div class=\"wp-block-image\"><figure class=\"alignright size-large\"><a href=\"https:\/\/neustrelitz-evangelisch.de\/wp-content\/uploads\/2020\/06\/borwinheim-altar.jpg\" target=\"_blank\" rel=\"noreferrer noopener\"><img decoding=\"async\" loading=\"lazy\" width=\"1024\" height=\"683\" src=\"https:\/\/neustrelitz-evangelisch.de\/wp-content\/uploads\/2020\/06\/borwinheim-altar-1024x683.jpg\" alt=\"\" class=\"wp-image-482\" srcset=\"https:\/\/neustrelitz-evangelisch.de\/wp-content\/uploads\/2020\/06\/borwinheim-altar-1024x683.jpg 1024w, https:\/\/neustrelitz-evangelisch.de\/wp-content\/uploads\/2020\/06\/borwinheim-altar-300x200.jpg 300w, https:\/\/neustrelitz-evangelisch.de\/wp-content\/uploads\/2020\/06\/borwinheim-altar-768x512.jpg 768w, https:\/\/neustrelitz-evangelisch.de\/wp-content\/uploads\/2020\/06\/borwinheim-altar-1536x1024.jpg 1536w, https:\/\/neustrelitz-evangelisch.de\/wp-content\/uploads\/2020\/06\/borwinheim-altar.jpg 1800w\" sizes=\"(max-width: 1024px) 100vw, 1024px\" \/><\/a><figcaption>Altar im Borwinheim<\/figcaption><\/figure><\/div>\n\n\n\n<p>Dem Stiftungszweck entspricht auch heute die Nutzung des Hauses: es wird von verschiedenen Arbeitsbereichen der Diakonie&nbsp;Mecklenburgische Seenplatte gGmbH genutzt, wie der Sozialp\u00e4dagogischen Familienhilfe, einer Fr\u00fchf\u00f6rderstelle f\u00fcr Kleinkinder und f\u00fcr Psychologische Beratung.<\/p>\n\n\n\n<p>Au\u00dferdem ist im Haus seit den drei\u00dfiger Jahren \u2013 nur mit kurzen Unterbrechungen \u2013 das&nbsp;Gemeindeb\u00fcro&nbsp;der Evangelisch-Lutherischen Stadtkirchgemeinde untergebracht, anfangs mit einem Diakon besetzt, \u00fcber viele Jahre \u2013 und vor kurzem noch \u2013 mit einer festangestellten B\u00fcrokraft ausgestattet, jetzt durch die Hilfe ehrenamtlicher Mitarbeiter abgesichert.<\/p>\n\n\n\n<p>Im Haus befindet sich ein gro\u00dfer Saal, der unter anderem durch die Kirchgemeinde in der kalten Jahreszeit f\u00fcr die Gottesdienste genutzt wird.<\/p>\n\n\n\n<p><\/p>\n\n\n\n<p>Die <a href=\"https:\/\/neustrelitz-evangelisch.de\/index.php\/die-orgel-im-borwinheim\/\">Orgel<\/a><\/p>\n","protected":false},"excerpt":{"rendered":"<p>Das&nbsp;Herzog Carl-Borwin-Ged\u00e4chtnisheim&nbsp;in der N\u00e4he des Marktes von Neustrelitz wurde 1910 zur Erinnerung an den Mecklenburg-Strelitzer&nbsp;Herzog Carl Borwin&nbsp;errichtet, mit dem Ziel elternlosen Kindern ein Zuhause zu geben. Unter anderem waren damit auch die r\u00e4umlichen Voraussetzungen f\u00fcr die Einrichtung einer Bibliothek f\u00fcr die Stadtbev\u00f6lkerung geschaffen. Das Heim f\u00fcr Kinder wurde bis Anfang 1939 aufrechterhalten. Der Vorstand der [&hellip;]<\/p>\n","protected":false},"author":1,"featured_media":0,"parent":0,"menu_order":0,"comment_status":"closed","ping_status":"closed","template":"","meta":[],"_links":{"self":[{"href":"https:\/\/neustrelitz-evangelisch.de\/index.php\/wp-json\/wp\/v2\/pages\/152"}],"collection":[{"href":"https:\/\/neustrelitz-evangelisch.de\/index.php\/wp-json\/wp\/v2\/pages"}],"about":[{"href":"https:\/\/neustrelitz-evangelisch.de\/index.php\/wp-json\/wp\/v2\/types\/page"}],"author":[{"embeddable":true,"href":"https:\/\/neustrelitz-evangelisch.de\/index.php\/wp-json\/wp\/v2\/users\/1"}],"replies":[{"embeddable":true,"href":"https:\/\/neustrelitz-evangelisch.de\/index.php\/wp-json\/wp\/v2\/comments?post=152"}],"version-history":[{"count":13,"href":"https:\/\/neustrelitz-evangelisch.de\/index.php\/wp-json\/wp\/v2\/pages\/152\/revisions"}],"predecessor-version":[{"id":1932,"href":"https:\/\/neustrelitz-evangelisch.de\/index.php\/wp-json\/wp\/v2\/pages\/152\/revisions\/1932"}],"wp:attachment":[{"href":"https:\/\/neustrelitz-evangelisch.de\/index.php\/wp-json\/wp\/v2\/media?parent=152"}],"curies":[{"name":"wp","href":"https:\/\/api.w.org\/{rel}","templated":true}]}}