{"id":36,"date":"2019-11-21T09:17:06","date_gmt":"2019-11-21T08:17:06","guid":{"rendered":"https:\/\/neustrelitz-evangelisch.de\/?page_id=36"},"modified":"2020-04-24T11:15:58","modified_gmt":"2020-04-24T10:15:58","slug":"impressum","status":"publish","type":"page","link":"https:\/\/neustrelitz-evangelisch.de\/index.php\/impressum\/","title":{"rendered":"Impressum"},"content":{"rendered":"\n<p>Anbieterkennung i. S. v. \u00a7 5 TELEMEDIENGESETZ: <\/p>\n\n\n\n<p>Ev.-Luth. Kirchengemeinde Strelitzer Land<br>Bruchstr. 15<br>17235 Neustrelitz<br><br>Tel: 03981\/205459<br>E-Mail-Kontakt: strelitzerland@elkm.de<br><br>Vertreten durch:<br>Pastor Christoph Feldkamp<br><br>Inhaltlich Verantwortlicher nach \u00a7 55 Abs. 2 RStV:<br>Pastor Christoph Feldkamp<\/p>\n\n\n\n<p><\/p>\n\n\n\n<h2>Haftungshinweis<\/h2>\n\n\n\n<p>Trotz sorgf\u00e4ltiger inhaltlicher Kontrolle \u00fcbernehmen wir keine Haftung f\u00fcr die Inhalte externer Links. F\u00fcr den Inhalt der verlinkten Seiten sind ausschlie\u00dflich deren Betreiber verantwortlich. Datenschutzerkl\u00e4rung Unsere Datenschutzerkl\u00e4rung finden Sie unter folgendem Link: Hier den entsprechenden Link zu Ihrer neuen Unterseite mit der Datenschutzerkl\u00e4rung einf\u00fcgen <\/p>\n\n\n\n<h2>Datenschutzerkl\u00e4rung <\/h2>\n\n\n\n<p> Unsere Datenschutzerkl\u00e4rung finden Sie <a href=\"https:\/\/neustrelitz-evangelisch.de\/index.php\/datenschutz\/\">hier<\/a>.<\/p>\n\n\n\n<p><\/p>\n\n\n\n<p><\/p>\n","protected":false},"excerpt":{"rendered":"<p>Anbieterkennung i. S. v. \u00a7 5 TELEMEDIENGESETZ: Ev.-Luth. Kirchengemeinde Strelitzer LandBruchstr. 1517235 Neustrelitz Tel: 03981\/205459E-Mail-Kontakt: strelitzerland@elkm.de Vertreten durch:Pastor Christoph Feldkamp Inhaltlich Verantwortlicher nach \u00a7 55 Abs. 2 RStV:Pastor Christoph Feldkamp Haftungshinweis Trotz sorgf\u00e4ltiger inhaltlicher Kontrolle \u00fcbernehmen wir keine Haftung f\u00fcr die Inhalte externer Links. F\u00fcr den Inhalt der verlinkten Seiten sind ausschlie\u00dflich deren Betreiber verantwortlich. [&hellip;]<\/p>\n","protected":false},"author":1,"featured_media":0,"parent":0,"menu_order":0,"comment_status":"closed","ping_status":"closed","template":"page-full.php","meta":[],"_links":{"self":[{"href":"https:\/\/neustrelitz-evangelisch.de\/index.php\/wp-json\/wp\/v2\/pages\/36"}],"collection":[{"href":"https:\/\/neustrelitz-evangelisch.de\/index.php\/wp-json\/wp\/v2\/pages"}],"about":[{"href":"https:\/\/neustrelitz-evangelisch.de\/index.php\/wp-json\/wp\/v2\/types\/page"}],"author":[{"embeddable":true,"href":"https:\/\/neustrelitz-evangelisch.de\/index.php\/wp-json\/wp\/v2\/users\/1"}],"replies":[{"embeddable":true,"href":"https:\/\/neustrelitz-evangelisch.de\/index.php\/wp-json\/wp\/v2\/comments?post=36"}],"version-history":[{"count":3,"href":"https:\/\/neustrelitz-evangelisch.de\/index.php\/wp-json\/wp\/v2\/pages\/36\/revisions"}],"predecessor-version":[{"id":452,"href":"https:\/\/neustrelitz-evangelisch.de\/index.php\/wp-json\/wp\/v2\/pages\/36\/revisions\/452"}],"wp:attachment":[{"href":"https:\/\/neustrelitz-evangelisch.de\/index.php\/wp-json\/wp\/v2\/media?parent=36"}],"curies":[{"name":"wp","href":"https:\/\/api.w.org\/{rel}","templated":true}]}}

<p>Anbieterkennung i. S. v. § 5 TELEMEDIENGESETZ: </p>



<p>Ev.-Luth. Kirchengemeinde Strelitzer Land<br>Bruchstr. 15<br>17235 Neustrelitz<br><br>Tel: 03981/205459<br>E-Mail-Kontakt: strelitzerland@elkm.de<br><br>Vertreten durch:<br>Pastor Christoph Feldkamp<br><br>Inhaltlich Verantwortlicher nach § 55 Abs. 2 RStV:<br>Pastor Christoph Feldkamp</p>



<p></p>



<h2>Haftungshinweis</h2>



<p>Trotz sorgfältiger inhaltlicher Kontrolle übernehmen wir keine Haftung für die Inhalte externer Links. Für den Inhalt der verlinkten Seiten sind ausschließlich deren Betreiber verantwortlich. Datenschutzerklärung Unsere Datenschutzerklärung finden Sie unter folgendem Link: Hier den entsprechenden Link zu Ihrer neuen Unterseite mit der Datenschutzerklärung einfügen </p>



<h2>Datenschutzerklärung </h2>



<p> Unsere Datenschutzerklärung finden Sie <a href="https://neustrelitz-evangelisch.de/index.php/datenschutz/">hier</a>.</p>



<p></p>



<p></p>

<p>Anbieterkennung i. S. v. § 5 TELEMEDIENGESETZ: Ev.-Luth. Kirchengemeinde Strelitzer LandBruchstr. 1517235 Neustrelitz Tel: 03981/205459E-Mail-Kontakt: strelitzerland@elkm.de Vertreten durch:Pastor Christoph Feldkamp Inhaltlich Verantwortlicher nach § 55 Abs. 2 RStV:Pastor Christoph Feldkamp Haftungshinweis Trotz sorgfältiger inhaltlicher Kontrolle übernehmen wir keine Haftung für die Inhalte externer Links. Für den Inhalt der verlinkten Seiten sind ausschließlich deren Betreiber verantwortlich. [&hellip;]</p>
